-439?
2404
In base 16, what is -1fc1 + -5?
-1fc6
In base 2, what is -10001011110011110 + 0?
-10001011110011110
In base 5, what is 2132 + -111340?
-104203
In base 15, what is 6 + 10763?
10769
In base 7, what is 513326 - 0?
513326
In base 13, what is -364 + 113?
-251
In base 12, what is 3 - -4a2b?
4a32
In base 7, what is -2 - 1105114?
-1105116
In base 14, what is 3 - 41b8?
-41b5
In base 13, what is 5 - -10231c?
102324
In base 3, what is 2021000111 + -12?
2021000022
In base 2, what is -110110111 + -11110110?
-1010101101
In base 9, what is -30 - -882?
852
In base 15, what is -2a2b + -1?
-2a2c
In base 14, what is d - 31ac?
-319d
In base 11, what is 1620 + 160?
1780
In base 5, what is -30400 - 110?
-31010
In base 15, what is -c + -ee4?
-1001
In base 3, what is 10 + 1220202201?
1220202211
In base 10, what is -40 + 42485?
42445
In base 12, what is -70b8 - -42?
-7076
In base 3, what is 220 - -1011211?
1012201
In base 14, what is 51730 + -2?
5172c
In base 10, what is -11 + -2390?
-2401
In base 12, what is 2 + b5a4?
b5a6
In base 3, what is 1222112 - -21220?
2021102
In base 2, what is 10010110000 + -11110000?
1111000000
In base 7, what is -1256 - -414?
-542
In base 9, what is 62742 - -43?
62785
In base 2, what is -100101010101001001010010 - 11?
-100101010101001001010101
In base 15, what is 120 + -357?
-237
In base 10, what is -51 + -2492?
-2543
In base 5, what is 22 - 10134142?
-10134120
In base 14, what is -2a2 + 642?
380
In base 10, what is 15337 + 123?
15460
In base 9, what is -2310 - 674?
-3084
In base 4, what is 13 - 20202212?
-20202133
In base 15, what is -192919 + -5?
-19291e
In base 12, what is -295 - -7?
-28a
In base 11, what is 76 + -48804?
-48739
In base 8, what is 7210 - 54?
7134
In base 9, what is 10 - 37766?
-37756
In base 10, what is 10152 - 561?
9591
In base 16, what is -21 - 84?
-a5
In base 8, what is -12140 - 10?
-12150
In base 2, what is -111111110011001 - -10100?
-111111110000101
In base 6, what is 3422 - 1214?
2204
In base 2, what is 100 - 101110101111001001?
-101110101111000101
In base 8, what is -1577356 - -2?
-1577354
In base 4, what is 11 - 12213200030?
-12213200013
In base 16, what is -2096 - 4a?
-20e0
In base 3, what is 11111 + -120222100?
-120210212
In base 7, what is 155645 + -4?
155641
In base 11, what is -1081993 + 2?
-1081991
In base 14, what is -4 - -3679a?
36796
In base 6, what is 220 + -30154?
-25534
In base 9, what is 2204470 - 3?
2204466
In base 3, what is -1010201 - 11112?
-1022020
In base 3, what is 222 - -20110202011?
20110210010
In base 3, what is -211 - -2011012100?
2011011112
In base 12, what is 50 + 16251?
162a1
In base 5, what is -12 + 142331?
142314
In base 16, what is -b0d0 - -5?
-b0cb
In base 11, what is -98659 - 0?
-98659
In base 9, what is 144 - -5767?
6022
In base 12, what is -12230 - -5?
-12227
In base 3, what is -112101220 + -1201?
-112110121
In base 15, what is 952 - -4?
956
In base 6, what is 3005 - 11?
2554
In base 2, what is -11010110001101100 - -100?
-11010110001101000
In base 4, what is -3222 + 1201?
-2021
In base 11, what is 380 + 149?
519
In base 4, what is 2332212 + -3020?
2323132
In base 7, what is 240440 - -3?
240443
In base 2, what is 0 + -1000100010001?
-1000100010001
In base 8, what is 51 - 147?
-76
In base 12, what is 64877 + 12?
64889
In base 4, what is -111 - -2312300?
2312123
In base 7, what is -51 + -521?
-602
In base 6, what is 5420 + 50?
5510
In base 2, what is 110001111010000100 + -1?
110001111010000011
In base 11, what is 7971 - 3?
7969
In base 9, what is 12 - -38836?
38848
In base 12, what is 34a - 13?
337
In base 13, what is 271b5 + -1?
271b4
In base 12, what is -2 + 103b7?
103b5
In base 16, what is -1c02c - -1?
-1c02b
In base 14, what is -26 + -55a?
-582
In base 9, what is 202041 - 4?
202036
In base 11, what is 3 - -169494?
169497
In base 3, what is -1 + -1002110100?
-1002110101
In base 15, what is 95 + -5b7c?
-5ad7
In base 9, what is 5 + 32231?
32236
In base 14, what is 2746 + -12?
2734
In base 10, what is 139 + 6704?
6843
In base 9, what is 3 - 6462?
-6458
In base 7, what is -310146 + 5?
-310141
In base 3, what is 110 - 110002100?
-110001220
In base 15, what is -5ca93 - -2?
-5ca91
In base 15, what is 23 - 2039?
-2016
In base 12, what is -49 - -31?
-18
In base 2, what is -1101101011 + -111010000110?
-1000111110001
In base 5, what is 3031220 - -20?
3031240
In base 15, what is 53c0 - -2d?
53ed
In base 2, what is 1110 + 11110100?
100000010
In base 2, what is -1011110100101110100 - 100?
-1011110100101111000
In base 7, what is 21 - -234?
255
In base 13, what is 538 + -1bc?
349
In base 9, what is 0 + 736176?
736176
In base 14, what is -2 + -6092?
-6094
In base 10, what is -2522 + 86?
-2436
In base 13, what is -1957 + b?
-1949
In base 13, what is 58ba - -7?
58c4
In base 6, what is -513 + -451?
-1404
In base 9, what is -26131 - 5?
-26136
In base 11, what is 5 + -123193?
-123189
In base 10, what is -691847 + -6?
-691853
In base 4, what is -20 - -1112012220?
1112012200
In base 9, what is -2 + -10440?
-10442
In base 5, what is -41040230 - -4?
-41040221
In base 11, what is 22211 + -3?
22209
In base 2, what is -10101111110 - -1000001010?
-1101110100
In base 13, what is 11b378 + 5?
11b380
In base 13, what is -90a56 + 1?
-90a55
In base 7, what is -3 + 1222556?
1222553
In base 13, what is 4c2a7 + -2?
4c2a5
In base 4, what is -1122 + 2233?
1111
In base 11, what is -16 + 4a71?
4a56
In base 8, what is -663424 - 3?
-663427
In base 2, what is -100100011000 - 0?
-100100011000
In base 2, what is -100110 - 111110001?
-1000010111
In base 10, what is -1913 - -142?
-1771
In base 8, what is -366636 - -7?
-366627
In base 14, what is -b6173 + -b?
-b6180
In base 3, what is -10002200120 + 1022?
-10002122021
In base 12, what is -221530b + 3?
-2215308
In base 4, what is 121133000 + 10?
121133010
In base 15, what is -4d + -9a?
-e8
In base 16, what is 273ae4 - -4?
273ae8
In base 8, what is -1161 + -71?
-1252
In base 8, what is 71301 - -4?
71305
In base 5, what is -321322 + 123?
-321144
In base 7, what is -42 + 210?
135
In base 8, what is 2 + 457735?
457737
In base 7, what is 21551 - 263?
21255
In base 16, what is 1a72c + 2?
1a72e
In base 10, what is -4920 - 1126?
-6046
In base 14, what is 8 - -10833?
1083b
In base 8, what is 1 + -1024201?
-1024200
In base 8, what is -16 + 104416?
104400
In base 16, what is -4 - -d00?
cfc
In base 9, what is 4 + 227213?
227217
In base 6, what is 35 - 100014?
-55535
In base 6, what is -30302 + 3222?
-23040
In base 7, what is -23 + 1502?
1446
In base 3, what is 11102 + -22020?
-10211
In base 8, what is 16 - 66650?
-66632
In base 12, what is -4132 + -28?
-415a
In base 5, what is -11 - -204341?
204330
In base 10, what is -282252 + 0?
-282252
In base 8, what is 17034 - -2?
17036
In base 5, what is -31201 - 3?
-31204
In base 14, what is -38a - -2db?
-8d
In base 11, what is -28070 + -59?
-28119
In base 2, what is -110000110000010110 - 1?
-110000110000010111
In base 15, what is -4 + 7a693?
7a68e
In base 9, what is -1 + 510036?
510035
In base 2, what is -10 - -101011110111111?
101011110111101
In base 5, what is 30412 + 3?
30420
In base 2, what is 10 - -100110100010010?
100110100010100
In base 8, what is -1 - 1371163?
-1371164
In base 6, what is 10103 - 101?
10002
In base 14, what is -29a9 + 8?
-29a1
In base 15, what is -b94a + -4?
-b94e
In base 9, what is 188213 + -3?
188210
In base 15, what is 4 + -5d662?
-5d65d
In base 12, what is 2108 + -176?
1b52
In base 9, what is -156 + -14313?
-14470
In base 10, what is -17121 - -11?
-17110
In base 4, what is -10 - 31203123?
-31203133
In base 8, what is 3 - -2553?
2556
In base 7, what is -1125644 - -36?
-1125605
In base 4, what is 10 - -2130122?
2130132
In base 16, what is -aa - 326?
-3d0
In base 6, what is -222 - 1034?
-1300
In base 15, what is 3 + -ad7?
-ad4
In base 10, what is 1348464 + 5?
1348469
In base 7, what is 14514 - 3?
14511
In base 5, what is 12 - 233230?
-233213
In base 16, what is 6b + -8a1?
-836
In base 11, what is -1818 + -a0?
-1908
In base 9, what is -4 - -424053?
424048
In base 8, what is -10020 + 57?
-7741
In base 9, what is 5388314 - 2?
5388312
In base 9, what is 0 + -1152150?
-1152150
In base 6, what is 3341414 - 2?
3341412
In base 10, what is -4944 - 17?
-4961
In base 5, what is -14112441 + -10?
-14113001
In base 10, what 